{"id":115,"date":"2025-09-16T00:10:08","date_gmt":"2025-09-16T00:10:08","guid":{"rendered":"https:\/\/www.etlesperes.org\/?page_id=115"},"modified":"2025-09-30T09:17:22","modified_gmt":"2025-09-30T09:17:22","slug":"document-memoire","status":"publish","type":"page","link":"https:\/\/www.etlesperes.org\/index.php\/document-memoire\/","title":{"rendered":"Document-m\u00e9moire"},"content":{"rendered":"\n<p class=\"has-text-align-justify has-text-align-justify\">Avant de clore l&rsquo;histoire de \u00ab\u00a0et les p\u00e8res !\u00a0\u00bb, nous avons tenu cependant \u00e0 r\u00e9aliser un document-m\u00e9moire, qui tente de rassembler l\u2019essentiel de ce que cette d\u00e9cennie nous aura fait vivre et comprendre.<br>Elabor\u00e9 dans des conditions limit\u00e9es, il ne pr\u00e9tend donc pas \u00eatre exhaustif et parfait, mais nous permet d\u2019esp\u00e9rer au moins qu\u2019il nourrisse l\u2019\u00e9nergie d\u2019autres personnes pour porter, sans doute diff\u00e9remment, le message d\u2019une co-parentalit\u00e9 responsable, faisant mieux place aux p\u00e8res.<\/p>\n\n\n\n<div class=\"wp-block-buttons is-content-justification-center is-layout-flex wp-container-core-buttons-is-layout-16018d1d wp-block-buttons-is-layout-flex\">\n<div class=\"wp-block-button\"><a class=\"wp-block-button__link has-text-align-center wp-element-button\" href=\"https:\/\/www.etlesperes.org\/wp-content\/uploads\/2025\/09\/ETLESPERES_V6-3-Digit.pdf\">T\u00e9l\u00e9charger le document-m\u00e9moire<\/a><\/div>\n<\/div>\n\n\n\n<p><\/p>\n\n\n\n<div data-wp-interactive=\"core\/file\" class=\"wp-block-file alignwide\"><object data-wp-bind--hidden=\"!state.hasPdfPreview\" hidden class=\"wp-block-file__embed\" data=\"https:\/\/www.etlesperes.org\/wp-content\/uploads\/2025\/09\/ETLESPERES_V6-3-Digit.pdf\" type=\"application\/pdf\" style=\"width:100%;height:1010px\" aria-label=\"Contenu embarqu\u00e9 ETLESPERES_V6-3-Digit.\"><\/object><a id=\"wp-block-file--media-8dfe3c6e-cbca-4309-8e76-a812dcda5d1e\" href=\"https:\/\/www.etlesperes.org\/wp-content\/uploads\/2025\/09\/ETLESPERES_V6-3-Digit.pdf\">ETLESPERES_V6-3-Digit<\/a><a href=\"https:\/\/www.etlesperes.org\/wp-content\/uploads\/2025\/09\/ETLESPERES_V6-3-Digit.pdf\" class=\"wp-block-file__button wp-element-button\" download aria-describedby=\"wp-block-file--media-8dfe3c6e-cbca-4309-8e76-a812dcda5d1e\">T\u00e9l\u00e9charger<\/a><\/div>\n","protected":false},"excerpt":{"rendered":"<p>Avant de clore l&rsquo;histoire de \u00ab\u00a0et les p\u00e8res !\u00a0\u00bb, nous avons tenu cependant \u00e0 r\u00e9aliser un document-m\u00e9moire, qui tente de rassembler l\u2019essentiel de ce que cette d\u00e9cennie nous aura fait vivre et comprendre.Elabor\u00e9 dans des conditions limit\u00e9es, il ne pr\u00e9tend donc pas \u00eatre exhaustif et parfait, mais nous permet d\u2019esp\u00e9rer au moins qu\u2019il nourrisse l\u2019\u00e9nergie d\u2019autres personnes pour porter, sans &hellip; <\/p>\n","protected":false},"author":1,"featured_media":0,"parent":0,"menu_order":0,"comment_status":"closed","ping_status":"closed","template":"","meta":{"footnotes":""},"class_list":["post-115","page","type-page","status-publish","hentry"],"yoast_head":"<!-- This site is optimized with the Yoast SEO plugin v25.9 - https:\/\/yoast.com\/wordpress\/plugins\/seo\/ -->\n<title>Document-m\u00e9moire - Association et les p\u00e8res !<\/title>\n<meta name=\"robots\" content=\"index, follow, max-snippet:-1, max-image-preview:large, max-video-preview:-1\" \/>\n<link rel=\"canonical\" href=\"https:\/\/www.etlesperes.org\/index.php\/document-memoire\/\" \/>\n<meta property=\"og:locale\" content=\"fr_FR\" \/>\n<meta property=\"og:type\" content=\"article\" \/>\n<meta property=\"og:title\" content=\"Document-m\u00e9moire - Association et les p\u00e8res !\" \/>\n<meta property=\"og:description\" content=\"Avant de clore l&rsquo;histoire de \u00ab\u00a0et les p\u00e8res !\u00a0\u00bb, nous avons tenu cependant \u00e0 r\u00e9aliser un document-m\u00e9moire, qui tente de rassembler l\u2019essentiel de ce que cette d\u00e9cennie nous aura fait vivre et comprendre.Elabor\u00e9 dans des conditions limit\u00e9es, il ne pr\u00e9tend donc pas \u00eatre exhaustif et parfait, mais nous permet d\u2019esp\u00e9rer au moins qu\u2019il nourrisse l\u2019\u00e9nergie d\u2019autres personnes pour porter, sans &hellip;\" \/>\n<meta property=\"og:url\" content=\"https:\/\/www.etlesperes.org\/index.php\/document-memoire\/\" \/>\n<meta property=\"og:site_name\" content=\"Association et les p\u00e8res !\" \/>\n<meta property=\"article:modified_time\" content=\"2025-09-30T09:17:22+00:00\" \/>\n<meta name=\"twitter:card\" content=\"summary_large_image\" \/>\n<meta name=\"twitter:label1\" content=\"Dur\u00e9e de lecture estim\u00e9e\" \/>\n\t<meta name=\"twitter:data1\" content=\"1 minute\" \/>\n<script type=\"application\/ld+json\" class=\"yoast-schema-graph\">{\"@context\":\"https:\/\/schema.org\",\"@graph\":[{\"@type\":\"WebPage\",\"@id\":\"https:\/\/www.etlesperes.org\/index.php\/document-memoire\/\",\"url\":\"https:\/\/www.etlesperes.org\/index.php\/document-memoire\/\",\"name\":\"Document-m\u00e9moire - Association et les p\u00e8res !\",\"isPartOf\":{\"@id\":\"https:\/\/www.etlesperes.org\/#website\"},\"datePublished\":\"2025-09-16T00:10:08+00:00\",\"dateModified\":\"2025-09-30T09:17:22+00:00\",\"breadcrumb\":{\"@id\":\"https:\/\/www.etlesperes.org\/index.php\/document-memoire\/#breadcrumb\"},\"inLanguage\":\"fr-FR\",\"potentialAction\":[{\"@type\":\"ReadAction\",\"target\":[\"https:\/\/www.etlesperes.org\/index.php\/document-memoire\/\"]}]},{\"@type\":\"BreadcrumbList\",\"@id\":\"https:\/\/www.etlesperes.org\/index.php\/document-memoire\/#breadcrumb\",\"itemListElement\":[{\"@type\":\"ListItem\",\"position\":1,\"name\":\"Accueil\",\"item\":\"https:\/\/www.etlesperes.org\/\"},{\"@type\":\"ListItem\",\"position\":2,\"name\":\"Document-m\u00e9moire\"}]},{\"@type\":\"WebSite\",\"@id\":\"https:\/\/www.etlesperes.org\/#website\",\"url\":\"https:\/\/www.etlesperes.org\/\",\"name\":\"Association et les p\u00e8res !\",\"description\":\"\",\"potentialAction\":[{\"@type\":\"SearchAction\",\"target\":{\"@type\":\"EntryPoint\",\"urlTemplate\":\"https:\/\/www.etlesperes.org\/?s={search_term_string}\"},\"query-input\":{\"@type\":\"PropertyValueSpecification\",\"valueRequired\":true,\"valueName\":\"search_term_string\"}}],\"inLanguage\":\"fr-FR\"}]}<\/script>\n<!-- \/ Yoast SEO plugin. -->","yoast_head_json":{"title":"Document-m\u00e9moire - Association et les p\u00e8res !","robots":{"index":"index","follow":"follow","max-snippet":"max-snippet:-1","max-image-preview":"max-image-preview:large","max-video-preview":"max-video-preview:-1"},"canonical":"https:\/\/www.etlesperes.org\/index.php\/document-memoire\/","og_locale":"fr_FR","og_type":"article","og_title":"Document-m\u00e9moire - Association et les p\u00e8res !","og_description":"Avant de clore l&rsquo;histoire de \u00ab\u00a0et les p\u00e8res !\u00a0\u00bb, nous avons tenu cependant \u00e0 r\u00e9aliser un document-m\u00e9moire, qui tente de rassembler l\u2019essentiel de ce que cette d\u00e9cennie nous aura fait vivre et comprendre.Elabor\u00e9 dans des conditions limit\u00e9es, il ne pr\u00e9tend donc pas \u00eatre exhaustif et parfait, mais nous permet d\u2019esp\u00e9rer au moins qu\u2019il nourrisse l\u2019\u00e9nergie d\u2019autres personnes pour porter, sans &hellip;","og_url":"https:\/\/www.etlesperes.org\/index.php\/document-memoire\/","og_site_name":"Association et les p\u00e8res !","article_modified_time":"2025-09-30T09:17:22+00:00","twitter_card":"summary_large_image","twitter_misc":{"Dur\u00e9e de lecture estim\u00e9e":"1 minute"},"schema":{"@context":"https:\/\/schema.org","@graph":[{"@type":"WebPage","@id":"https:\/\/www.etlesperes.org\/index.php\/document-memoire\/","url":"https:\/\/www.etlesperes.org\/index.php\/document-memoire\/","name":"Document-m\u00e9moire - Association et les p\u00e8res !","isPartOf":{"@id":"https:\/\/www.etlesperes.org\/#website"},"datePublished":"2025-09-16T00:10:08+00:00","dateModified":"2025-09-30T09:17:22+00:00","breadcrumb":{"@id":"https:\/\/www.etlesperes.org\/index.php\/document-memoire\/#breadcrumb"},"inLanguage":"fr-FR","potentialAction":[{"@type":"ReadAction","target":["https:\/\/www.etlesperes.org\/index.php\/document-memoire\/"]}]},{"@type":"BreadcrumbList","@id":"https:\/\/www.etlesperes.org\/index.php\/document-memoire\/#breadcrumb","itemListElement":[{"@type":"ListItem","position":1,"name":"Accueil","item":"https:\/\/www.etlesperes.org\/"},{"@type":"ListItem","position":2,"name":"Document-m\u00e9moire"}]},{"@type":"WebSite","@id":"https:\/\/www.etlesperes.org\/#website","url":"https:\/\/www.etlesperes.org\/","name":"Association et les p\u00e8res !","description":"","potentialAction":[{"@type":"SearchAction","target":{"@type":"EntryPoint","urlTemplate":"https:\/\/www.etlesperes.org\/?s={search_term_string}"},"query-input":{"@type":"PropertyValueSpecification","valueRequired":true,"valueName":"search_term_string"}}],"inLanguage":"fr-FR"}]}},"_links":{"self":[{"href":"https:\/\/www.etlesperes.org\/index.php\/wp-json\/wp\/v2\/pages\/115","targetHints":{"allow":["GET"]}}],"collection":[{"href":"https:\/\/www.etlesperes.org\/index.php\/wp-json\/wp\/v2\/pages"}],"about":[{"href":"https:\/\/www.etlesperes.org\/index.php\/wp-json\/wp\/v2\/types\/page"}],"author":[{"embeddable":true,"href":"https:\/\/www.etlesperes.org\/index.php\/wp-json\/wp\/v2\/users\/1"}],"replies":[{"embeddable":true,"href":"https:\/\/www.etlesperes.org\/index.php\/wp-json\/wp\/v2\/comments?post=115"}],"version-history":[{"count":7,"href":"https:\/\/www.etlesperes.org\/index.php\/wp-json\/wp\/v2\/pages\/115\/revisions"}],"predecessor-version":[{"id":207,"href":"https:\/\/www.etlesperes.org\/index.php\/wp-json\/wp\/v2\/pages\/115\/revisions\/207"}],"wp:attachment":[{"href":"https:\/\/www.etlesperes.org\/index.php\/wp-json\/wp\/v2\/media?parent=115"}],"curies":[{"name":"wp","href":"https:\/\/api.w.org\/{rel}","templated":true}]}}

Document-mémoire

<p class="has-text-align-justify has-text-align-justify">Avant de clore l&rsquo;histoire de « et les pères ! », nous avons tenu cependant à réaliser un document-mémoire, qui tente de rassembler l’essentiel de ce que cette décennie nous aura fait vivre et comprendre.<br>Elaboré dans des conditions limitées, il ne prétend donc pas être exhaustif et parfait, mais nous permet d’espérer au moins qu’il nourrisse l’énergie d’autres personnes pour porter, sans doute différemment, le message d’une co-parentalité responsable, faisant mieux place aux pères.</p>



<div class="wp-block-buttons is-content-justification-center is-layout-flex wp-container-core-buttons-is-layout-16018d1d wp-block-buttons-is-layout-flex">
<div class="wp-block-button"><a class="wp-block-button__link has-text-align-center wp-element-button" href="https://www.etlesperes.org/wp-content/uploads/2025/09/ETLESPERES_V6-3-Digit.pdf">Télécharger le document-mémoire</a></div>
</div>



<p></p>



<div data-wp-interactive="core/file" class="wp-block-file alignwide"><object data-wp-bind--hidden="!state.hasPdfPreview" hidden class="wp-block-file__embed" data="https://www.etlesperes.org/wp-content/uploads/2025/09/ETLESPERES_V6-3-Digit.pdf" type="application/pdf" style="width:100%;height:1010px" aria-label="Contenu embarqué ETLESPERES_V6-3-Digit."></object><a id="wp-block-file--media-8dfe3c6e-cbca-4309-8e76-a812dcda5d1e" href="https://www.etlesperes.org/wp-content/uploads/2025/09/ETLESPERES_V6-3-Digit.pdf">ETLESPERES_V6-3-Digit</a><a href="https://www.etlesperes.org/wp-content/uploads/2025/09/ETLESPERES_V6-3-Digit.pdf" class="wp-block-file__button wp-element-button" download aria-describedby="wp-block-file--media-8dfe3c6e-cbca-4309-8e76-a812dcda5d1e">Télécharger</a></div>

<p>Avant de clore l&rsquo;histoire de « et les pères ! », nous avons tenu cependant à réaliser un document-mémoire, qui tente de rassembler l’essentiel de ce que cette décennie nous aura fait vivre et comprendre.Elaboré dans des conditions limitées, il ne prétend donc pas être exhaustif et parfait, mais nous permet d’espérer au moins qu’il nourrisse l’énergie d’autres personnes pour porter, sans &hellip; </p>

<!-- This site is optimized with the Yoast SEO plugin v25.9 - https://yoast.com/wordpress/plugins/seo/ -->
<title>Document-mémoire - Association et les pères !</title>
<meta name="robots" content="index, follow, max-snippet:-1, max-image-preview:large, max-video-preview:-1" />
<link rel="canonical" href="https://www.etlesperes.org/index.php/document-memoire/" />
<meta property="og:locale" content="fr_FR" />
<meta property="og:type" content="article" />
<meta property="og:title" content="Document-mémoire - Association et les pères !" />
<meta property="og:description" content="Avant de clore l&rsquo;histoire de « et les pères ! », nous avons tenu cependant à réaliser un document-mémoire, qui tente de rassembler l’essentiel de ce que cette décennie nous aura fait vivre et comprendre.Elaboré dans des conditions limitées, il ne prétend donc pas être exhaustif et parfait, mais nous permet d’espérer au moins qu’il nourrisse l’énergie d’autres personnes pour porter, sans &hellip;" />
<meta property="og:url" content="https://www.etlesperes.org/index.php/document-memoire/" />
<meta property="og:site_name" content="Association et les pères !" />
<meta property="article:modified_time" content="2025-09-30T09:17:22+00:00" />
<meta name="twitter:card" content="summary_large_image" />
<meta name="twitter:label1" content="Durée de lecture estimée" />
	<meta name="twitter:data1" content="1 minute" />
<script type="application/ld+json" class="yoast-schema-graph">{"@context":"https://schema.org","@graph":[{"@type":"WebPage","@id":"https://www.etlesperes.org/index.php/document-memoire/","url":"https://www.etlesperes.org/index.php/document-memoire/","name":"Document-mémoire - Association et les pères !","isPartOf":{"@id":"https://www.etlesperes.org/#website"},"datePublished":"2025-09-16T00:10:08+00:00","dateModified":"2025-09-30T09:17:22+00:00","breadcrumb":{"@id":"https://www.etlesperes.org/index.php/document-memoire/#breadcrumb"},"inLanguage":"fr-FR","potentialAction":[{"@type":"ReadAction","target":["https://www.etlesperes.org/index.php/document-memoire/"]}]},{"@type":"BreadcrumbList","@id":"https://www.etlesperes.org/index.php/document-memoire/#breadcrumb","itemListElement":[{"@type":"ListItem","position":1,"name":"Accueil","item":"https://www.etlesperes.org/"},{"@type":"ListItem","position":2,"name":"Document-mémoire"}]},{"@type":"WebSite","@id":"https://www.etlesperes.org/#website","url":"https://www.etlesperes.org/","name":"Association et les pères !","description":"","potentialAction":[{"@type":"SearchAction","target":{"@type":"EntryPoint","urlTemplate":"https://www.etlesperes.org/?s={search_term_string}"},"query-input":{"@type":"PropertyValueSpecification","valueRequired":true,"valueName":"search_term_string"}}],"inLanguage":"fr-FR"}]}</script>
<!-- / Yoast SEO plugin. -->

Document-mémoire - Association et les pères !

Avant de clore l&rsquo;histoire de « et les pères ! », nous avons tenu cependant à réaliser un document-mémoire, qui tente de rassembler l’essentiel de ce que cette décennie nous aura fait vivre et comprendre.Elaboré dans des conditions limitées, il ne prétend donc pas être exhaustif et parfait, mais nous permet d’espérer au moins qu’il nourrisse l’énergie d’autres personnes pour porter, sans &hellip;

Association et les pères !
