{"id":10,"date":"2025-09-15T07:44:55","date_gmt":"2025-09-15T07:44:55","guid":{"rendered":"https:\/\/www.etlesperes.org\/?page_id=10"},"modified":"2025-09-30T09:16:42","modified_gmt":"2025-09-30T09:16:42","slug":"paternite","status":"publish","type":"page","link":"https:\/\/www.etlesperes.org\/","title":{"rendered":""},"content":{"rendered":"<div class=\"wp-block-image\">\n<figure class=\"aligncenter size-large is-resized\"><img loading=\"lazy\" decoding=\"async\" width=\"1024\" height=\"378\" src=\"https:\/\/www.etlesperes.org\/wp-content\/uploads\/2025\/09\/Logo-Et-les-peres-1024x378.jpg\" alt=\"\" class=\"wp-image-38\" style=\"width:378px;height:auto\" srcset=\"https:\/\/www.etlesperes.org\/wp-content\/uploads\/2025\/09\/Logo-Et-les-peres-1024x378.jpg 1024w, https:\/\/www.etlesperes.org\/wp-content\/uploads\/2025\/09\/Logo-Et-les-peres-300x111.jpg 300w, https:\/\/www.etlesperes.org\/wp-content\/uploads\/2025\/09\/Logo-Et-les-peres-768x284.jpg 768w, https:\/\/www.etlesperes.org\/wp-content\/uploads\/2025\/09\/Logo-Et-les-peres.jpg 1411w\" sizes=\"auto, (max-width: 1024px) 100vw, 1024px\" \/><\/figure>\n<\/div>\n\n\n<div class=\"wp-block-columns is-layout-flex wp-container-core-columns-is-layout-9d6595d7 wp-block-columns-is-layout-flex\">\n<div class=\"wp-block-column is-layout-flow wp-block-column-is-layout-flow\" style=\"flex-basis:33.33%\">\n<figure class=\"wp-block-image size-large\"><a href=\"https:\/\/www.etlesperes.org\/wp-content\/uploads\/2025\/09\/ETLESPERES_V6-3-Digit.pdf\"><img loading=\"lazy\" decoding=\"async\" width=\"719\" height=\"1024\" src=\"https:\/\/www.etlesperes.org\/wp-content\/uploads\/2025\/09\/couv_docmem_elp_hires-719x1024.jpg\" alt=\"Document-m\u00e9moire \/ association et les p\u00e8res!\" class=\"wp-image-142\" srcset=\"https:\/\/www.etlesperes.org\/wp-content\/uploads\/2025\/09\/couv_docmem_elp_hires-719x1024.jpg 719w, https:\/\/www.etlesperes.org\/wp-content\/uploads\/2025\/09\/couv_docmem_elp_hires-211x300.jpg 211w, https:\/\/www.etlesperes.org\/wp-content\/uploads\/2025\/09\/couv_docmem_elp_hires-768x1093.jpg 768w, https:\/\/www.etlesperes.org\/wp-content\/uploads\/2025\/09\/couv_docmem_elp_hires-1079x1536.jpg 1079w, https:\/\/www.etlesperes.org\/wp-content\/uploads\/2025\/09\/couv_docmem_elp_hires-1438x2048.jpg 1438w, https:\/\/www.etlesperes.org\/wp-content\/uploads\/2025\/09\/couv_docmem_elp_hires-scaled.jpg 1798w\" sizes=\"auto, (max-width: 719px) 100vw, 719px\" \/><\/a><\/figure>\n<\/div>\n\n\n\n<div class=\"wp-block-column is-layout-flow wp-block-column-is-layout-flow\" style=\"flex-basis:66.66%\">\n<p class=\"has-text-align-justify has-text-align-justify\">En 2014 naissait l\u2019association \u00ab et les p\u00e8res&nbsp;! \u00bb, avec une ambition simple mais puissante : rendre visible, l\u00e9gitime et active la place des p\u00e8res dans les actions de soutien \u00e0 la parentalit\u00e9. <br><\/p>\n\n\n\n<p class=\"has-text-align-justify has-text-align-justify\">Dans un paysage institutionnel o\u00f9 la figure paternelle restait trop souvent rel\u00e9gu\u00e9e, voire absente, cette initiative a voulu cr\u00e9er un espace d\u2019\u00e9coute, de r\u00e9flexion et d\u2019action en faveur d\u2019une paternit\u00e9 engag\u00e9e, bienveillante et reconnue. <br><\/p>\n\n\n\n<p class=\"has-text-align-justify has-text-align-justify\">Pendant une d\u00e9cennie, dans un ancrage territorial fort, principalement la r\u00e9gion PACA, l\u2019association a men\u00e9 des actions concr\u00e8tes, novatrices et souvent pionni\u00e8res aupr\u00e8s des professionnels, des institutions et des p\u00e8res eux-m\u00eames.<br>Des groupes de paroles ont \u00e9t\u00e9 cr\u00e9\u00e9s, des outils p\u00e9dagogiques con\u00e7us, des formations anim\u00e9es, et des ponts tiss\u00e9s jusqu\u2019au Qu\u00e9bec et au niveau europ\u00e9en.<br><\/p>\n\n\n\n<p class=\"has-text-align-justify has-text-align-justify\">Pour diverses raisons, dont le manque de moyens financiers et humains qui auraient favoris\u00e9 la poursuite de son activit\u00e9, l\u2019association aura pris fin en septembre 2025.<\/p>\n<\/div>\n<\/div>\n\n\n\n<p class=\"has-text-align-justify has-text-align-justify\">Avant de clore cette histoire, nous avons tenu cependant \u00e0 r\u00e9aliser un document-m\u00e9moire, qui tente de rassembler l\u2019essentiel de ce que cette d\u00e9cennie nous aura fait vivre et comprendre.<br>Elabor\u00e9 dans des conditions limit\u00e9es, il ne pr\u00e9tend donc pas \u00eatre exhaustif et parfait, mais nous permet d\u2019esp\u00e9rer au moins qu\u2019il nourrisse l\u2019\u00e9nergie d\u2019autres personnes pour porter, sans doute diff\u00e9remment, le message d\u2019une co-parentalit\u00e9 responsable, faisant mieux place aux p\u00e8res.<\/p>\n\n\n\n<p class=\"has-text-align-justify has-text-align-justify\">Ce document est \u00e0 votre disposition ci-apr\u00e8s en version digitale (t\u00e9l\u00e9chargeable et diffusable librement).<\/p>\n\n\n\n<div class=\"wp-block-buttons is-content-justification-center is-layout-flex wp-container-core-buttons-is-layout-16018d1d wp-block-buttons-is-layout-flex\">\n<div class=\"wp-block-button\"><a class=\"wp-block-button__link wp-element-button\" href=\"https:\/\/www.etlesperes.org\/index.php\/document-memoire\/\">Document-m\u00e9moire<\/a><\/div>\n<\/div>\n\n\n\n<p><\/p>\n\n\n\n<p>Le pr\u00e9sent site sera accessible jusqu\u2019au 31 mai 2026. <br><\/p>\n\n\n\n<div class=\"wp-block-group is-nowrap is-layout-flex wp-container-core-group-is-layout-ad2f72ca wp-block-group-is-layout-flex\">\n<p>L&rsquo;adresse email <\/p>\n\n\n\n<figure class=\"wp-block-image size-full is-resized\"><img loading=\"lazy\" decoding=\"async\" width=\"516\" height=\"75\" src=\"https:\/\/www.etlesperes.org\/wp-content\/uploads\/2025\/09\/email_elp.jpg\" alt=\"\" class=\"wp-image-132\" style=\"width:203px;height:auto\" srcset=\"https:\/\/www.etlesperes.org\/wp-content\/uploads\/2025\/09\/email_elp.jpg 516w, https:\/\/www.etlesperes.org\/wp-content\/uploads\/2025\/09\/email_elp-300x44.jpg 300w\" sizes=\"auto, (max-width: 516px) 100vw, 516px\" \/><\/figure>\n\n\n\n<p>sera consult\u00e9e jusqu&rsquo;au 30 septembre 2025.<\/p>\n<\/div>\n\n\n\n<p><\/p>\n\n\n\n<p>Soyez remerci\u00e9s de l\u2019attention que vous aurez port\u00e9e \u00e0 notre d\u00e9marche, en esp\u00e9rant que vous puissiez relayer, \u00e0 votre mani\u00e8re, ce que nous aurons essay\u00e9 de promouvoir.<\/p>\n\n\n\n<p><\/p>\n","protected":false},"excerpt":{"rendered":"<p>En 2014 naissait l\u2019association \u00ab et les p\u00e8res&nbsp;! \u00bb, avec une ambition simple mais puissante : rendre visible, l\u00e9gitime et active la place des p\u00e8res dans les actions de soutien \u00e0 la parentalit\u00e9. Dans un paysage institutionnel o\u00f9 la figure paternelle restait trop souvent rel\u00e9gu\u00e9e, voire absente, cette initiative a voulu cr\u00e9er un espace d\u2019\u00e9coute, de r\u00e9flexion et d\u2019action en &hellip; <\/p>\n","protected":false},"author":1,"featured_media":0,"parent":0,"menu_order":0,"comment_status":"closed","ping_status":"closed","template":"","meta":{"footnotes":""},"class_list":["post-10","page","type-page","status-publish","hentry"],"yoast_head":"<!-- This site is optimized with the Yoast SEO plugin v25.9 - https:\/\/yoast.com\/wordpress\/plugins\/seo\/ -->\n<title>- Association et les p\u00e8res !<\/title>\n<meta name=\"description\" content=\"Ressources et outils pour relier et f\u00e9d\u00e9rer les acteurs d&#039;une paternit\u00e9 responsable, incarn\u00e9e et engag\u00e9e !\" \/>\n<meta name=\"robots\" content=\"index, follow, max-snippet:-1, max-image-preview:large, max-video-preview:-1\" \/>\n<link rel=\"canonical\" href=\"https:\/\/www.etlesperes.org\/\" \/>\n<meta property=\"og:locale\" content=\"fr_FR\" \/>\n<meta property=\"og:type\" content=\"article\" \/>\n<meta property=\"og:title\" content=\"- Association et les p\u00e8res !\" \/>\n<meta property=\"og:description\" content=\"Ressources et outils pour relier et f\u00e9d\u00e9rer les acteurs d&#039;une paternit\u00e9 responsable, incarn\u00e9e et engag\u00e9e !\" \/>\n<meta property=\"og:url\" content=\"https:\/\/www.etlesperes.org\/\" \/>\n<meta property=\"og:site_name\" content=\"Association et les p\u00e8res !\" \/>\n<meta property=\"article:modified_time\" content=\"2025-09-30T09:16:42+00:00\" \/>\n<meta property=\"og:image\" content=\"https:\/\/www.etlesperes.org\/wp-content\/uploads\/2025\/09\/Logo-Et-les-peres.jpg\" \/>\n\t<meta property=\"og:image:width\" content=\"1411\" \/>\n\t<meta property=\"og:image:height\" content=\"521\" \/>\n\t<meta property=\"og:image:type\" content=\"image\/jpeg\" \/>\n<meta name=\"twitter:card\" content=\"summary_large_image\" \/>\n<meta name=\"twitter:label1\" content=\"Dur\u00e9e de lecture estim\u00e9e\" \/>\n\t<meta name=\"twitter:data1\" content=\"2 minutes\" \/>\n<script type=\"application\/ld+json\" class=\"yoast-schema-graph\">{\"@context\":\"https:\/\/schema.org\",\"@graph\":[{\"@type\":\"WebPage\",\"@id\":\"https:\/\/www.etlesperes.org\/\",\"url\":\"https:\/\/www.etlesperes.org\/\",\"name\":\"- Association et les p\u00e8res !\",\"isPartOf\":{\"@id\":\"https:\/\/www.etlesperes.org\/#website\"},\"primaryImageOfPage\":{\"@id\":\"https:\/\/www.etlesperes.org\/#primaryimage\"},\"image\":{\"@id\":\"https:\/\/www.etlesperes.org\/#primaryimage\"},\"thumbnailUrl\":\"https:\/\/www.etlesperes.org\/wp-content\/uploads\/2025\/09\/Logo-Et-les-peres-1024x378.jpg\",\"datePublished\":\"2025-09-15T07:44:55+00:00\",\"dateModified\":\"2025-09-30T09:16:42+00:00\",\"description\":\"Ressources et outils pour relier et f\u00e9d\u00e9rer les acteurs d'une paternit\u00e9 responsable, incarn\u00e9e et engag\u00e9e !\",\"inLanguage\":\"fr-FR\",\"potentialAction\":[{\"@type\":\"ReadAction\",\"target\":[\"https:\/\/www.etlesperes.org\/\"]}]},{\"@type\":\"ImageObject\",\"inLanguage\":\"fr-FR\",\"@id\":\"https:\/\/www.etlesperes.org\/#primaryimage\",\"url\":\"https:\/\/www.etlesperes.org\/wp-content\/uploads\/2025\/09\/Logo-Et-les-peres.jpg\",\"contentUrl\":\"https:\/\/www.etlesperes.org\/wp-content\/uploads\/2025\/09\/Logo-Et-les-peres.jpg\",\"width\":1411,\"height\":521},{\"@type\":\"WebSite\",\"@id\":\"https:\/\/www.etlesperes.org\/#website\",\"url\":\"https:\/\/www.etlesperes.org\/\",\"name\":\"Association et les p\u00e8res !\",\"description\":\"\",\"potentialAction\":[{\"@type\":\"SearchAction\",\"target\":{\"@type\":\"EntryPoint\",\"urlTemplate\":\"https:\/\/www.etlesperes.org\/?s={search_term_string}\"},\"query-input\":{\"@type\":\"PropertyValueSpecification\",\"valueRequired\":true,\"valueName\":\"search_term_string\"}}],\"inLanguage\":\"fr-FR\"}]}<\/script>\n<!-- \/ Yoast SEO plugin. -->","yoast_head_json":{"title":"- Association et les p\u00e8res !","description":"Ressources et outils pour relier et f\u00e9d\u00e9rer les acteurs d'une paternit\u00e9 responsable, incarn\u00e9e et engag\u00e9e !","robots":{"index":"index","follow":"follow","max-snippet":"max-snippet:-1","max-image-preview":"max-image-preview:large","max-video-preview":"max-video-preview:-1"},"canonical":"https:\/\/www.etlesperes.org\/","og_locale":"fr_FR","og_type":"article","og_title":"- Association et les p\u00e8res !","og_description":"Ressources et outils pour relier et f\u00e9d\u00e9rer les acteurs d'une paternit\u00e9 responsable, incarn\u00e9e et engag\u00e9e !","og_url":"https:\/\/www.etlesperes.org\/","og_site_name":"Association et les p\u00e8res !","article_modified_time":"2025-09-30T09:16:42+00:00","og_image":[{"width":1411,"height":521,"url":"https:\/\/www.etlesperes.org\/wp-content\/uploads\/2025\/09\/Logo-Et-les-peres.jpg","type":"image\/jpeg"}],"twitter_card":"summary_large_image","twitter_misc":{"Dur\u00e9e de lecture estim\u00e9e":"2 minutes"},"schema":{"@context":"https:\/\/schema.org","@graph":[{"@type":"WebPage","@id":"https:\/\/www.etlesperes.org\/","url":"https:\/\/www.etlesperes.org\/","name":"- Association et les p\u00e8res !","isPartOf":{"@id":"https:\/\/www.etlesperes.org\/#website"},"primaryImageOfPage":{"@id":"https:\/\/www.etlesperes.org\/#primaryimage"},"image":{"@id":"https:\/\/www.etlesperes.org\/#primaryimage"},"thumbnailUrl":"https:\/\/www.etlesperes.org\/wp-content\/uploads\/2025\/09\/Logo-Et-les-peres-1024x378.jpg","datePublished":"2025-09-15T07:44:55+00:00","dateModified":"2025-09-30T09:16:42+00:00","description":"Ressources et outils pour relier et f\u00e9d\u00e9rer les acteurs d'une paternit\u00e9 responsable, incarn\u00e9e et engag\u00e9e !","inLanguage":"fr-FR","potentialAction":[{"@type":"ReadAction","target":["https:\/\/www.etlesperes.org\/"]}]},{"@type":"ImageObject","inLanguage":"fr-FR","@id":"https:\/\/www.etlesperes.org\/#primaryimage","url":"https:\/\/www.etlesperes.org\/wp-content\/uploads\/2025\/09\/Logo-Et-les-peres.jpg","contentUrl":"https:\/\/www.etlesperes.org\/wp-content\/uploads\/2025\/09\/Logo-Et-les-peres.jpg","width":1411,"height":521},{"@type":"WebSite","@id":"https:\/\/www.etlesperes.org\/#website","url":"https:\/\/www.etlesperes.org\/","name":"Association et les p\u00e8res !","description":"","potentialAction":[{"@type":"SearchAction","target":{"@type":"EntryPoint","urlTemplate":"https:\/\/www.etlesperes.org\/?s={search_term_string}"},"query-input":{"@type":"PropertyValueSpecification","valueRequired":true,"valueName":"search_term_string"}}],"inLanguage":"fr-FR"}]}},"_links":{"self":[{"href":"https:\/\/www.etlesperes.org\/index.php\/wp-json\/wp\/v2\/pages\/10","targetHints":{"allow":["GET"]}}],"collection":[{"href":"https:\/\/www.etlesperes.org\/index.php\/wp-json\/wp\/v2\/pages"}],"about":[{"href":"https:\/\/www.etlesperes.org\/index.php\/wp-json\/wp\/v2\/types\/page"}],"author":[{"embeddable":true,"href":"https:\/\/www.etlesperes.org\/index.php\/wp-json\/wp\/v2\/users\/1"}],"replies":[{"embeddable":true,"href":"https:\/\/www.etlesperes.org\/index.php\/wp-json\/wp\/v2\/comments?post=10"}],"version-history":[{"count":59,"href":"https:\/\/www.etlesperes.org\/index.php\/wp-json\/wp\/v2\/pages\/10\/revisions"}],"predecessor-version":[{"id":206,"href":"https:\/\/www.etlesperes.org\/index.php\/wp-json\/wp\/v2\/pages\/10\/revisions\/206"}],"wp:attachment":[{"href":"https:\/\/www.etlesperes.org\/index.php\/wp-json\/wp\/v2\/media?parent=10"}],"curies":[{"name":"wp","href":"https:\/\/api.w.org\/{rel}","templated":true}]}}